[INFO] cloning repository https://github.com/TylerBloom/Todo
[INFO] running `Command { std: "git" "-c" "credential.helper=" "-c" "credential.helper=/workspace/cargo-home/bin/git-credential-null" "clone" "--bare" "https://github.com/TylerBloom/Todo" "/workspace/cache/git-repos/https%3A%2F%2Fgithub.com%2FTylerBloom%2FTodo", kill_on_drop: false }`
[INFO] [stderr] Cloning into bare repository '/workspace/cache/git-repos/https%3A%2F%2Fgithub.com%2FTylerBloom%2FTodo'...
[INFO] running `Command { std: "git" "rev-parse" "HEAD", kill_on_drop: false }`
[INFO] [stdout] 478a8458cbd0592e8e6262503f7257c8f8a2981c
[INFO] checking TylerBloom/Todo against master#9610dfe5a9a731ced1ea4923ecbd0c57fe367898 for beta-170-4
[INFO] running `Command { std: "git" "clone" "/workspace/cache/git-repos/https%3A%2F%2Fgithub.com%2FTylerBloom%2FTodo" "/workspace/builds/worker-0-tc1/source", kill_on_drop: false }`
[INFO] [stderr] Cloning into '/workspace/builds/worker-0-tc1/source'...
[INFO] [stderr] done.
[INFO] validating manifest of git repo https://github.com/TylerBloom/Todo on toolchain 9610dfe5a9a731ced1ea4923ecbd0c57fe367898
[INFO] running `Command { std: CARGO_HOME="/workspace/cargo-home" RUSTUP_HOME="/workspace/rustup-home" "/workspace/cargo-home/bin/cargo" "+9610dfe5a9a731ced1ea4923ecbd0c57fe367898" "metadata" "--manifest-path" "Cargo.toml" "--no-deps", kill_on_drop: false }`
[INFO] started tweaking git repo https://github.com/TylerBloom/Todo
[INFO] finished tweaking git repo https://github.com/TylerBloom/Todo
[INFO] tweaked toml for git repo https://github.com/TylerBloom/Todo written to /workspace/builds/worker-0-tc1/source/Cargo.toml
[INFO] crate git repo https://github.com/TylerBloom/Todo already has a lockfile, it will not be regenerated
[INFO] running `Command { std: CARGO_HOME="/workspace/cargo-home" RUSTUP_HOME="/workspace/rustup-home" "/workspace/cargo-home/bin/cargo" "+9610dfe5a9a731ced1ea4923ecbd0c57fe367898" "fetch" "--manifest-path" "Cargo.toml", kill_on_drop: false }`
[INFO] [stderr]  Downloading crates ...
[INFO] [stderr]   Downloaded clap_derive v3.0.14
[INFO] [stderr]   Downloaded clap v3.0.14
[INFO] running `Command { std: "docker" "create" "-v" "/var/lib/crater-agent-workspace/builds/worker-0-tc1/target:/opt/rustwide/target:rw,Z" "-v" "/var/lib/crater-agent-workspace/builds/worker-0-tc1/source:/opt/rustwide/workdir:ro,Z" "-v" "/var/lib/crater-agent-workspace/cargo-home:/opt/rustwide/cargo-home:ro,Z" "-v" "/var/lib/crater-agent-workspace/rustup-home:/opt/rustwide/rustup-home:ro,Z" "-e" "SOURCE_DIR=/opt/rustwide/workdir" "-e" "CARGO_TARGET_DIR=/opt/rustwide/target" "-e" "CARGO_HOME=/opt/rustwide/cargo-home" "-e" "RUSTUP_HOME=/opt/rustwide/rustup-home" "-w" "/opt/rustwide/workdir" "-m" "1610612736" "--user" "0:0" "--network" "none" "ghcr.io/rust-lang/crates-build-env/linux@sha256:19e73879b68f455e41552ea35293514db52ea292d993f571636dbffedb77a1ee" "/opt/rustwide/cargo-home/bin/cargo" "+9610dfe5a9a731ced1ea4923ecbd0c57fe367898" "metadata" "--no-deps" "--format-version=1", kill_on_drop: false }`
[INFO] [stdout] ebbd9356547c7cc651ac8b0af922c529e2cb8098d48fb0436025270c471d8c58
[INFO] running `Command { std: "docker" "start" "-a" "ebbd9356547c7cc651ac8b0af922c529e2cb8098d48fb0436025270c471d8c58", kill_on_drop: false }`
[INFO] running `Command { std: "docker" "inspect" "ebbd9356547c7cc651ac8b0af922c529e2cb8098d48fb0436025270c471d8c58", kill_on_drop: false }`
[INFO] running `Command { std: "docker" "rm" "-f" "ebbd9356547c7cc651ac8b0af922c529e2cb8098d48fb0436025270c471d8c58", kill_on_drop: false }`
[INFO] [stdout] ebbd9356547c7cc651ac8b0af922c529e2cb8098d48fb0436025270c471d8c58
[INFO] running `Command { std: "docker" "create" "-v" "/var/lib/crater-agent-workspace/builds/worker-0-tc1/target:/opt/rustwide/target:rw,Z" "-v" "/var/lib/crater-agent-workspace/builds/worker-0-tc1/source:/opt/rustwide/workdir:ro,Z" "-v" "/var/lib/crater-agent-workspace/cargo-home:/opt/rustwide/cargo-home:ro,Z" "-v" "/var/lib/crater-agent-workspace/rustup-home:/opt/rustwide/rustup-home:ro,Z" "-e" "SOURCE_DIR=/opt/rustwide/workdir" "-e" "CARGO_TARGET_DIR=/opt/rustwide/target" "-e" "CARGO_INCREMENTAL=0" "-e" "RUST_BACKTRACE=full" "-e" "RUSTFLAGS=--cap-lints=forbid" "-e" "RUSTDOCFLAGS=--cap-lints=forbid" "-e" "CARGO_HOME=/opt/rustwide/cargo-home" "-e" "RUSTUP_HOME=/opt/rustwide/rustup-home" "-w" "/opt/rustwide/workdir" "-m" "1610612736" "--user" "0:0" "--network" "none" "ghcr.io/rust-lang/crates-build-env/linux@sha256:19e73879b68f455e41552ea35293514db52ea292d993f571636dbffedb77a1ee" "/opt/rustwide/cargo-home/bin/cargo" "+9610dfe5a9a731ced1ea4923ecbd0c57fe367898" "check" "--frozen" "--all" "--all-targets" "--message-format=json", kill_on_drop: false }`
[INFO] [stdout] b196a4063ddaf541cc071cf7d6b6bbab3ffd417e7d2d1a4079dcb669718e4339
[INFO] running `Command { std: "docker" "start" "-a" "b196a4063ddaf541cc071cf7d6b6bbab3ffd417e7d2d1a4079dcb669718e4339", kill_on_drop: false }`
[INFO] [stderr]    Compiling version_check v0.9.4
[INFO] [stderr]    Compiling syn v1.0.86
[INFO] [stderr]    Compiling libc v0.2.117
[INFO] [stderr]    Compiling serde_json v1.0.78
[INFO] [stderr]     Checking hashbrown v0.11.2
[INFO] [stderr]    Compiling heck v0.4.0
[INFO] [stderr]     Checking textwrap v0.14.2
[INFO] [stderr]    Compiling indexmap v1.8.0
[INFO] [stderr]     Checking strsim v0.10.0
[INFO] [stderr]     Checking home v0.5.3
[INFO] [stderr]    Compiling quote v1.0.15
[INFO] [stderr]     Checking os_str_bytes v6.0.0
[INFO] [stderr]    Compiling proc-macro-error-attr v1.0.4
[INFO] [stderr]    Compiling proc-macro-error v1.0.4
[INFO] [stderr]     Checking atty v0.2.14
[INFO] [stderr]    Compiling serde_derive v1.0.136
[INFO] [stderr]    Compiling clap_derive v3.0.14
[INFO] [stderr]     Checking clap v3.0.14
[INFO] [stderr]     Checking serde v1.0.136
[INFO] [stderr]     Checking todo v0.1.0 (/opt/rustwide/workdir)
[INFO] [stdout] warning: unused import: `termcolor`
[INFO] [stdout]  --> src/todo.rs:4:5
[INFO] [stdout]   |
[INFO] [stdout] 4 | use termcolor;
[INFO] [stdout]   |     ^^^^^^^^^
[INFO] [stdout]   |
[INFO] [stdout]   = note: `#[warn(unused_imports)]` on by default
[INFO] [stdout] 
[INFO] [stdout] 
[INFO] [stdout] warning: unused import: `std::path::PathBuf`
[INFO] [stdout]  --> src/todo.rs:6:5
[INFO] [stdout]   |
[INFO] [stdout] 6 | use std::path::PathBuf;
[INFO] [stdout]   |     ^^^^^^^^^^^^^^^^^^
[INFO] [stdout] 
[INFO] [stdout] 
[INFO] [stdout] warning: unused import: `termcolor`
[INFO] [stdout]  --> src/todo.rs:4:5
[INFO] [stdout]   |
[INFO] [stdout] 4 | use termcolor;
[INFO] [stdout]   |     ^^^^^^^^^
[INFO] [stdout]   |
[INFO] [stdout]   = note: `#[warn(unused_imports)]` on by default
[INFO] [stdout] 
[INFO] [stdout] 
[INFO] [stdout] warning: unused import: `std::path::PathBuf`
[INFO] [stdout]  --> src/todo.rs:6:5
[INFO] [stdout]   |
[INFO] [stdout] 6 | use std::path::PathBuf;
[INFO] [stdout]   |     ^^^^^^^^^^^^^^^^^^
[INFO] [stdout] 
[INFO] [stdout] 
[INFO] [stdout] error[E0507]: cannot move out of `self.tasks` which is behind a shared reference
[INFO] [stdout]   --> src/todo.rs:24:18
[INFO] [stdout]    |
[INFO] [stdout] 24 |         for t in self.tasks {
[INFO] [stdout]    |                  ^^^^^^^^^^
[INFO] [stdout]    |                  |
[INFO] [stdout]    |                  `self.tasks` moved due to this implicit call to `.into_iter()`
[INFO] [stdout]    |                  move occurs because `self.tasks` has type `Vec<Todo>`, which does not implement the `Copy` trait
[INFO] [stdout]    |
[INFO] [stdout] note: `into_iter` takes ownership of the receiver `self`, which moves `self.tasks`
[INFO] [stdout]   --> /rustc/9610dfe5a9a731ced1ea4923ecbd0c57fe367898/library/core/src/iter/traits/collect.rs:271:18
[INFO] [stdout] help: consider iterating over a slice of the `Vec<Todo>`'s content to avoid moving into the `for` loop
[INFO] [stdout]    |
[INFO] [stdout] 24 |         for t in &self.tasks {
[INFO] [stdout]    |                  +
[INFO] [stdout] 
[INFO] [stdout] 
[INFO] [stdout] error[E0507]: cannot move out of `self.tasks` which is behind a shared reference
[INFO] [stdout]   --> src/todo.rs:24:18
[INFO] [stdout]    |
[INFO] [stdout] 24 |         for t in self.tasks {
[INFO] [stdout]    |                  ^^^^^^^^^^
[INFO] [stdout]    |                  |
[INFO] [stdout]    |                  `self.tasks` moved due to this implicit call to `.into_iter()`
[INFO] [stdout]    |                  move occurs because `self.tasks` has type `Vec<Todo>`, which does not implement the `Copy` trait
[INFO] [stdout]    |
[INFO] [stdout] note: `into_iter` takes ownership of the receiver `self`, which moves `self.tasks`
[INFO] [stdout]   --> /rustc/9610dfe5a9a731ced1ea4923ecbd0c57fe367898/library/core/src/iter/traits/collect.rs:271:18
[INFO] [stdout] help: consider iterating over a slice of the `Vec<Todo>`'s content to avoid moving into the `for` loop
[INFO] [stdout]    |
[INFO] [stdout] 24 |         for t in &self.tasks {
[INFO] [stdout]    |                  +
[INFO] [stdout] 
[INFO] [stdout] 
[INFO] [stdout] error[E0507]: cannot move out of index of `Vec<std::string::String>`
[INFO] [stdout]   --> src/main.rs:42:13
[INFO] [stdout]    |
[INFO] [stdout] 42 |             args.add[0],
[INFO] [stdout]    |             ^^^^^^^^^^^ move occurs because value has type `std::string::String`, which does not implement the `Copy` trait
[INFO] [stdout] 
[INFO] [stdout] 
[INFO] [stdout] error[E0507]: cannot move out of index of `Vec<std::string::String>`
[INFO] [stdout]   --> src/main.rs:43:13
[INFO] [stdout]    |
[INFO] [stdout] 43 |             args.add[1],
[INFO] [stdout]    |             ^^^^^^^^^^^ move occurs because value has type `std::string::String`, which does not implement the `Copy` trait
[INFO] [stdout] 
[INFO] [stdout] 
[INFO] [stdout] error[E0507]: cannot move out of index of `Vec<std::string::String>`
[INFO] [stdout]   --> src/main.rs:44:13
[INFO] [stdout]    |
[INFO] [stdout] 44 |             args.add[2],
[INFO] [stdout]    |             ^^^^^^^^^^^ move occurs because value has type `std::string::String`, which does not implement the `Copy` trait
[INFO] [stdout] 
[INFO] [stdout] 
[INFO] [stdout] error[E0507]: cannot move out of index of `Vec<std::string::String>`
[INFO] [stdout]   --> src/main.rs:45:13
[INFO] [stdout]    |
[INFO] [stdout] 45 |             args.add[3],
[INFO] [stdout]    |             ^^^^^^^^^^^ move occurs because value has type `std::string::String`, which does not implement the `Copy` trait
[INFO] [stdout] 
[INFO] [stdout] 
[INFO] [stdout] error[E0382]: borrow of moved value: `args.remove`
[INFO] [stdout]   --> src/main.rs:55:25
[INFO] [stdout]    |
[INFO] [stdout] 50 |         for r in args.remove {
[INFO] [stdout]    |                  ----------- `args.remove` moved due to this implicit call to `.into_iter()`
[INFO] [stdout] ...
[INFO] [stdout] 55 |     if args.add.len() + args.remove.len() + args.update.len() != 0 {
[INFO] [stdout]    |                         ^^^^^^^^^^^^^^^^^ value borrowed here after move
[INFO] [stdout]    |
[INFO] [stdout] note: `into_iter` takes ownership of the receiver `self`, which moves `args.remove`
[INFO] [stdout]   --> /rustc/9610dfe5a9a731ced1ea4923ecbd0c57fe367898/library/core/src/iter/traits/collect.rs:271:18
[INFO] [stdout]    = note: move occurs because `args.remove` has type `Vec<std::string::String>`, which does not implement the `Copy` trait
[INFO] [stdout] help: consider iterating over a slice of the `Vec<std::string::String>`'s content to avoid moving into the `for` loop
[INFO] [stdout]    |
[INFO] [stdout] 50 |         for r in &args.remove {
[INFO] [stdout]    |                  +
[INFO] [stdout] 
[INFO] [stdout] 
[INFO] [stdout] warning: unused variable: `tds`
[INFO] [stdout]   --> src/main.rs:65:15
[INFO] [stdout]    |
[INFO] [stdout] 65 | fn save_todos(tds: &Todos) {
[INFO] [stdout]    |               ^^^ help: if this is intentional, prefix it with an underscore: `_tds`
[INFO] [stdout]    |
[INFO] [stdout]    = note: `#[warn(unused_variables)]` on by default
[INFO] [stdout] 
[INFO] [stdout] 
[INFO] [stdout] error[E0507]: cannot move out of index of `Vec<std::string::String>`
[INFO] [stdout]   --> src/main.rs:42:13
[INFO] [stdout]    |
[INFO] [stdout] 42 |             args.add[0],
[INFO] [stdout]    |             ^^^^^^^^^^^ move occurs because value has type `std::string::String`, which does not implement the `Copy` trait
[INFO] [stdout] 
[INFO] [stdout] 
[INFO] [stdout] error[E0507]: cannot move out of index of `Vec<std::string::String>`
[INFO] [stdout]   --> src/main.rs:43:13
[INFO] [stdout]    |
[INFO] [stdout] 43 |             args.add[1],
[INFO] [stdout]    |             ^^^^^^^^^^^ move occurs because value has type `std::string::String`, which does not implement the `Copy` trait
[INFO] [stdout] 
[INFO] [stdout] 
[INFO] [stdout] error[E0507]: cannot move out of index of `Vec<std::string::String>`
[INFO] [stdout]   --> src/main.rs:44:13
[INFO] [stdout]    |
[INFO] [stdout] 44 |             args.add[2],
[INFO] [stdout]    |             ^^^^^^^^^^^ move occurs because value has type `std::string::String`, which does not implement the `Copy` trait
[INFO] [stdout] 
[INFO] [stdout] 
[INFO] [stdout] error[E0507]: cannot move out of index of `Vec<std::string::String>`
[INFO] [stdout]   --> src/main.rs:45:13
[INFO] [stdout]    |
[INFO] [stdout] 45 |             args.add[3],
[INFO] [stdout]    |             ^^^^^^^^^^^ move occurs because value has type `std::string::String`, which does not implement the `Copy` trait
[INFO] [stdout] 
[INFO] [stdout] 
[INFO] [stdout] error[E0382]: borrow of moved value: `args.remove`
[INFO] [stdout]   --> src/main.rs:55:25
[INFO] [stdout]    |
[INFO] [stdout] 50 |         for r in args.remove {
[INFO] [stdout]    |                  ----------- `args.remove` moved due to this implicit call to `.into_iter()`
[INFO] [stdout] ...
[INFO] [stdout] 55 |     if args.add.len() + args.remove.len() + args.update.len() != 0 {
[INFO] [stdout]    |                         ^^^^^^^^^^^^^^^^^ value borrowed here after move
[INFO] [stdout]    |
[INFO] [stdout] note: `into_iter` takes ownership of the receiver `self`, which moves `args.remove`
[INFO] [stdout]   --> /rustc/9610dfe5a9a731ced1ea4923ecbd0c57fe367898/library/core/src/iter/traits/collect.rs:271:18
[INFO] [stdout]    = note: move occurs because `args.remove` has type `Vec<std::string::String>`, which does not implement the `Copy` trait
[INFO] [stdout] help: consider iterating over a slice of the `Vec<std::string::String>`'s content to avoid moving into the `for` loop
[INFO] [stdout]    |
[INFO] [stdout] 50 |         for r in &args.remove {
[INFO] [stdout]    |                  +
[INFO] [stdout] 
[INFO] [stdout] 
[INFO] [stdout] warning: unused variable: `tds`
[INFO] [stdout]   --> src/main.rs:65:15
[INFO] [stdout]    |
[INFO] [stdout] 65 | fn save_todos(tds: &Todos) {
[INFO] [stdout]    |               ^^^ help: if this is intentional, prefix it with an underscore: `_tds`
[INFO] [stdout]    |
[INFO] [stdout]    = note: `#[warn(unused_variables)]` on by default
[INFO] [stdout] 
[INFO] [stdout] 
[INFO] [stdout] error: aborting due to 6 previous errors; 3 warnings emitted
[INFO] [stdout] 
[INFO] [stdout] 
[INFO] [stdout] Some errors have detailed explanations: E0382, E0507.
[INFO] [stdout] 
[INFO] [stdout] For more information about an error, try `rustc --explain E0382`.
[INFO] [stdout] 
[INFO] [stdout] error: aborting due to 6 previous errors; 3 warnings emitted
[INFO] [stdout] 
[INFO] [stdout] 
[INFO] [stdout] Some errors have detailed explanations: E0382, E0507.
[INFO] [stdout] 
[INFO] [stdout] For more information about an error, try `rustc --explain E0382`.
[INFO] [stdout] 
[INFO] [stderr] error: could not compile `todo` (bin "todo") due to 7 previous errors; 3 warnings emitted
[INFO] [stderr] warning: build failed, waiting for other jobs to finish...
[INFO] [stderr] error: could not compile `todo` (bin "todo" test) due to 7 previous errors; 3 warnings emitted
[INFO] running `Command { std: "docker" "inspect" "b196a4063ddaf541cc071cf7d6b6bbab3ffd417e7d2d1a4079dcb669718e4339", kill_on_drop: false }`
[INFO] running `Command { std: "docker" "rm" "-f" "b196a4063ddaf541cc071cf7d6b6bbab3ffd417e7d2d1a4079dcb669718e4339", kill_on_drop: false }`
[INFO] [stdout] b196a4063ddaf541cc071cf7d6b6bbab3ffd417e7d2d1a4079dcb669718e4339
